{"id":152,"date":"2011-04-25T21:42:37","date_gmt":"2011-04-25T21:42:37","guid":{"rendered":"http:\/\/edublog.me\/spieleseminar\/?page_id=152"},"modified":"2011-10-06T15:05:58","modified_gmt":"2011-10-06T15:05:58","slug":"kunst","status":"publish","type":"page","link":"https:\/\/edublog.me\/spieleseminar\/kunst\/","title":{"rendered":"Kunst"},"content":{"rendered":"<p>2010 kam es zu einem Eklat, der von einem breiten Publikum, jenseits anspruchsvoller kunstphilosophischer Betrachtungen, wahrgenommen wurde: Roger Ebert, einer der profiliertesten Filmkritiker der USA, behauptete in seinem Blog, dass &#8220;Videospiele niemals Kunst sein k\u00f6nnen.&#8221; Seiner Argumentation folgend ist die Beeinflussung des Ausgangs bzw. des Verlaufs einer dynamischen Repr\u00e4sentation unvereinbar mit einem Kunstwerk bzw. &#8216;hoher Kunst&#8217;.<\/p>\n<blockquote><p>&#8220;What I should have said is that games could not be high art, as I understand it. How do I know this? How many games have I played? I know it by the definition of the vast majority of games. They tend to involve (1) point and shoot in many variations and plotlines, (2) treasure or scavenger hunts, as in &#8220;Myst,&#8221; and (3) player control of the outcome. I don&#8217;t think these attributes have much to do with art; they have more in common with sports.&#8221;<br \/>\n&#8211; Ebert 2007, &#8220;Games vs. Art: Ebert vs. Barker.&#8221;<\/p><\/blockquote>\n<p>Die Frage bleibt bestehen: Taugen Spiele aufgrund ihrer spezifischen Spieleigenschaft der Interaktivit\u00e4t nicht zur Kunst? G\u00e4lte das selbe f\u00fcr alle interaktiven Medien, auf deren Verlauf der Rezipient Einfluss nehmen kann wie z.B. Hypertexte oder Installationen? Abgesehen von einer interessanten Debatte um die n\u00f6tige &#8216;Geschlossenheit&#8217; eines Kunstwerks um als solches anerkannt zu werden, h\u00e4tte eine Entscheidung auch <a href=\"http:\/\/de.wikipedia.org\/wiki\/Kunstfreiheit\">medienpolitische<\/a> Folgen. Spieleentwickler, -theoretiker, P\u00e4dagogen gehen im Gegenzug davon aus, &#8220;that literacy, language, and personal expression will stem from increasing exposure to flexible rule sets and iterative systems for solving small problems.\u201d (Justin Hall in Katie Salen &#8220;Gaming Literacies&#8221;), was nicht nur eine Verflechtung von k\u00fcnstlerischem Ausdruck mit spielerischen Umgebungen nahelegt, sondern auch eine <em>Gestaltung<\/em> dieser &#8211; sozusagen das Spiel mit dem Spiel.<\/p>\n<p>Grunds\u00e4tzlich steht hier zur Debatte, was als Kunst gelten kann &#8211; und darf: Galt dies bisher f\u00fcr die <em>Repr\u00e4sentation<\/em> von Objekten (z.B. Bilder), Prozessen (z.B. Filme) und Systemen (\u00fcber Beobachtung), so ist nun im Raum von Spiel oder Simulation eine <em>Repr\u00e4sentation der Regeln<\/em> m\u00f6glich, nach denen die Objekte entstehen, Prozesse verlaufen oder Systeme sich verhalten.<\/p>\n<p><strong>Fragen:<\/strong><\/p>\n<ul>\n<li>Ist Eberts Punkt nachvollziehbar? Argumentieren seine &#8216;Gegner&#8217;, Clive Barker und Kellee Santiago, auf eine Erfolg versprechende Weise?<\/li>\n<li>Ist es m\u00f6glich, dass ein Medium per se kein k\u00fcnstlerisches Medium sein kann?<\/li>\n<li>Wie s\u00e4he ein Spiel aus, dass k\u00fcnstlerischen Ma\u00dfst\u00e4ben gen\u00fcge tun w\u00fcrde? (siehe auch &#8216;Definitionen&#8217;)<\/li>\n<\/ul>\n<p><strong>Texte:<\/strong><\/p>\n<ul>\n<li>Ebert, Roger (2007): &#8220;Games vs. Art: Ebert vs. Barker.&#8221;<br \/>\n<a href=\"http:\/\/rogerebert.suntimes.com\/apps\/pbcs.dll\/article?AID=\/20070721\/COMMENTARY\/70721001\">http:\/\/rogerebert.suntimes.com\/apps\/pbcs.dll\/article?AID=\/20070721\/COMMENTARY\/70721001<\/a><\/li>\n<li>Ebert, Roger (2010): &#8220;Video Games can never be Art&#8221;<br \/>\n<a href=\"http:\/\/blogs.suntimes.com\/ebert\/2010\/04\/video_games_can_never_be_art.html\">http:\/\/blogs.suntimes.com\/ebert\/2010\/04\/video_games_can_never_be_art.html<\/a><\/li>\n<li>Brockway, Robert (2010): &#8220;Why Ebert is wrong: In Defense of Games as Art.&#8221; <a href=\"http:\/\/www.cracked.com\/blog\/why-ebert-is-wrong-in-defense-of-games-as-art\/\">http:\/\/www.cracked.com\/blog\/why-ebert-is-wrong-in-defense-of-games-as-art\/<\/a><\/li>\n<li>LABoral Centro de Arte (2008): Homo Ludens Ludens. Ausstellungskatalog, Gijon 2008 (englische Texte weiter hinten im Katalog)<br \/>\n(<a href=\"http:\/\/www.google.com\/url?sa=t&amp;source=web&amp;cd=1&amp;ved=0CBQQFjAA&amp;url=http%3A%2F%2Fwww.laboralcentrodearte.org%2Fes%2Ffiles%2F2008%2Fexposiciones%2Fhomo-ludens-ludens-doc%2FHLL_cat_final.pdf&amp;ei=0te1TZKuC5DIswas7pngDA&amp;usg=AFQjCNGw5zm07FjLxuj0dvKeW_2Jyv8Yrw&amp;sig2=8mvj7LYfa6V7wwM-TaFVfw\">Link zum Katalog<\/a>, 9.5 MB)<\/li>\n<\/ul>\n<p><strong>Links:<\/strong><\/p>\n<ul>\n<li><a href=\"http:\/\/www.molleindustria.org\/\">Molleindustria<\/a><\/li>\n<\/ul>\n","protected":false},"excerpt":{"rendered":"<p>2010 kam es zu einem Eklat, der von einem breiten Publikum, jenseits anspruchsvoller kunstphilosophischer Betrachtungen, wahrgenommen wurde: Roger Ebert, einer der profiliertesten Filmkritiker der USA, behauptete in seinem Blog, dass &#8220;Videospiele niemals Kunst sein k\u00f6nnen.&#8221; Seiner Argumentation folgend ist die &hellip; <a href=\"https:\/\/edublog.me\/spieleseminar\/kunst\/\">Weiterlesen <span class=\"meta-nav\">&rarr;<\/span><\/a><\/p>\n","protected":false},"author":14,"featured_media":0,"parent":0,"menu_order":0,"comment_status":"open","ping_status":"open","template":"","meta":{"footnotes":""},"class_list":["post-152","page","type-page","status-publish","hentry"],"_links":{"self":[{"href":"https:\/\/edublog.me\/spieleseminar\/wp-json\/wp\/v2\/pages\/152","targetHints":{"allow":["GET"]}}],"collection":[{"href":"https:\/\/edublog.me\/spieleseminar\/wp-json\/wp\/v2\/pages"}],"about":[{"href":"https:\/\/edublog.me\/spieleseminar\/wp-json\/wp\/v2\/types\/page"}],"author":[{"embeddable":true,"href":"https:\/\/edublog.me\/spieleseminar\/wp-json\/wp\/v2\/users\/14"}],"replies":[{"embeddable":true,"href":"https:\/\/edublog.me\/spieleseminar\/wp-json\/wp\/v2\/comments?post=152"}],"version-history":[{"count":11,"href":"https:\/\/edublog.me\/spieleseminar\/wp-json\/wp\/v2\/pages\/152\/revisions"}],"predecessor-version":[{"id":202,"href":"https:\/\/edublog.me\/spieleseminar\/wp-json\/wp\/v2\/pages\/152\/revisions\/202"}],"wp:attachment":[{"href":"https:\/\/edublog.me\/spieleseminar\/wp-json\/wp\/v2\/media?parent=152"}],"curies":[{"name":"wp","href":"https:\/\/api.w.org\/{rel}","templated":true}]}}